 - 8 - 2, -2*a = 3*m - o. What are the prime factors of a?
2, 19
Let n(r) be the first derivative of -r**5/60 + r**4/24 - 2*r**3/3 - 2. Let y(x) be the third derivative of n(x). List the prime factors of y(-5).
11
Let u be 94 - 4/(-2) - 3. Suppose a + 238 = 5*n, -n + 4*a - 34 + u = 0. List the prime factors of n.
47
Let k = -13 + 13. Let m(i) = -i**2. Let h(y) = y**3 - 6*y**2 - y + 23. Let f(r) = h(r) - 6*m(r). What are the prime factors of f(k)?
23
Suppose -36 = h - 35. What are the prime factors of (-3)/((-4 + 586/146)*h)?
3, 73
Let h(m) = -10*m - 5. Let p(n) = n**2 + 8*n + 11. Let u be p(-5). What are the prime factors of h(u)?
5, 7
Suppose 2*f + 69 + 541 = 0. Let h = -164 - f. Suppose -4*t + t = -h. What are the prime factors of t?
47
Suppose -46*t - 26*t + 192384 = 0. What are the prime factors of t?
2, 167
Suppose -5*f - k + 225 = 0, -5*k - 117 = -2*f - 0*k. Let x be 2/8*4*f. Let s = -28 + x. List the prime factors of s.
2, 3
Let x be (-6)/(-15) - 260/(-75)*-18. Let j = 253 + x. What are the prime factors of j?
191
Suppose 34 = 2*r - 2*u + 4*u, 0 = -r - 4*u + 2. Suppose 4*s + 46 = 5*i, -3*s + s = 5*i - r. What are the prime factors of i?
2, 3
Suppose -2*u - 11 = m - 7, 0 = -m + 5*u + 10. Suppose m = 7*t - 217 - 35. List the prime factors of t.
2, 3
Let l(c) = 3*c - 21. Let f be l(-13). What are the prime factors of f/9*(-45)/6?
2, 5
Suppose 0 = -7*j + 2*j - 55. Let n(o) = -2*o - 25. Let b be n(j). What are the prime factors of (-81)/(-18)*(-20)/b?
2, 3, 5
Suppose 4*f + 191 + 495 = 2*u, 0 = -4*u - 3*f + 1361. Let x = -155 + u. What are the prime factors of x?
2, 3, 31
Suppose -2*b - 8 = 5*k, -6*k + k = -10. Let f = b - -121. List the prime factors of f.
2, 7
Let b = -20 + 69. List the prime factors of (b/(-2))/(7/(-14)) - -2.
3, 17
Let f(l) = l**3 - l**2 - 3*l + 2. Let h be (-4)/(-48)*15*4. What are the prime factors of f(h)?
3, 29
Suppose -1 = 5*s - 26. Suppose -s*m + 46 = -94. Suppose 0 = -4*v + 2*d + 94 + m, -15 = -5*d. What are the prime factors of v?
2
Let z(j) = -231*j**3 + 3*j**2. Let k(v) = -v**2 + v + 1. Let t(y) = 2*k(y) + z(y). What are the prime factors of t(-1)?
2, 29
Let g be 4/(-6) - 100/(-15). Suppose -v - v + g = 0. Suppose -4*h - c = -120, -c + v*c = 3*h - 79. List the prime factors of h.
29
Let l = -26 + 41. Suppose l*o - 196 = 11*o. List the prime factors of o.
7
Let u = -227 + 464. Suppose -188*i + u = -187*i. What are the prime factors of i?
3, 79
Let j(i) = -i**3 - 40*i**2 - 88*i - 44. List the prime factors of j(-38).
2, 103
Suppose -2*u = 3*k - 717, -2*u - 1211 = -14*k + 9*k. List the prime factors of k.
241
Let a(i) = 163*i**2 - 16*i - 39. What are the prime factors of a(-4)?
2633
Let j be (24/9 + -3)*-6. Let s be ((-18)/(-12))/(1/j). Suppose -s*w + 24 = -2*r, w + w - 16 = 2*r. List the prime factors of w.
2
Let l = -44 - -18. Let c = l - -43. Let a = -9 + c. List the prime factors of a.
2
Let b(w) = w - 6. Let s be b(6). Suppose s = t - 2*c - 33, c - 27 = -t + 18. List the prime factors of t.
41
Let h be ((-4)/(-24) - (-988)/(-24))/1. Let x = h - -86. List the prime factors of x.
3, 5
Suppose 41*l = 10*l + 29171. List the prime factors of l.
941
Let q(w) = -3 + 0 + 2 - 15*w. Suppose -3*z + 5*j - 1 = 0, 2*z - 2 = -3*j - 9. List the prime factors of q(z).
29
Suppose -2*y = -10, 2*y - 5*y = 2*l - 39. Suppose -4*h - l = 0, -3*k + 255 = h - 2*h. List the prime factors of k.
2, 3, 7
Let b(v) = 2*v**2 - v + 45. Let h be b(0). What are the prime factors of (-14)/(170/h - 4)?
3, 7
Let q = -185 - -1008. List the prime factors of q.
823
List the prime factors of 3087/3 - 12/3.
5, 41
Suppose -10*m + 5*m = -855. Suppose -w - h = -0*w - m, -3*h + 683 = 4*w. Suppose 0*n = 5*n - w. What are the prime factors of n?
2, 17
Suppose 5*a - 2*z = 1525, -3*a = -5*a + 3*z + 621. Suppose -3*v - a = -2*n, -5*n + v = 6*v - 770. List the prime factors of n.
3, 17
Suppose 4*u - u + 18 = 0. List the prime factors of ((-1410)/9)/(-1)*(-9)/u.
5, 47
Let y(n) = -n**2 - 2*n - 4. Let o be y(5). List the prime factors of (-6)/(-39) - 501/o.
13
Suppose 5*q + 13 = -7. Let h be (-63)/12 + (-1)/q. Let p(v) = 2*v**2 + 8*v + 7. What are the prime factors of p(h)?
17
Suppose 4*i + 5*n + 1 - 21 = 0, -i + 20 = 5*n. Let h(u) = u**2 - u + 60. What are the prime factors of h(i)?
2, 3, 5
Let p(v) = -v**3 - 14*v**2 - 16*v - 19. Let x(y) be the first derivative of -y**2/2 + 5*y + 7. Let n be x(18). List the prime factors of p(n).
2, 5
Let z(o) = -o**3 - 15*o**2 + 7*o - 7. Let x = -38 - -22. List the prime factors of z(x).
137
Let g be (-9)/(-2)*(-2)/(-3). Let x(u) = 14*u + 3. What are the prime factors of x(g)?
3, 5
Let a = -5 + 7. List the prime factors of a/(12/(-1854))*6/(-9).
2, 103
Let b be 1 + 0 - 2 - 10. Let v(d) = d**2 + 4*d + 1. Let a be v(-5). Let c = a - b. What are the prime factors of c?
17
Let k(u) = 2*u + 9. Let t be k(-3). Suppose c + 2*i - 27 - 6 = 0, -2*c + t*i + 59 = 0. What are the prime factors of c?
31
Let w(h) = 5*h**2 + h - 13. Let o = -18 + 23. List the prime factors of w(o).
3, 13
List the prime factors of (-6)/(0 - (-10)/(-175)).
3, 5, 7
Let f be (-3)/(2/2) - (-4 + 135). List the prime factors of 1 - 4 - (f + 15).
2, 29
Suppose -5*j = -4*y + 13, 2*j = -4*y + 2*y + 2. Suppose 5*a - 5*o = 5, y*o = -0*a + 4*a - 6. Suppose a*f + 0*f - 18 = 0. What are the prime factors of f?
3
Let z(g) = g**2 - 7*g - 3. Let j be z(7). Let m = j - -6. Suppose -173 = -m*n + 4*d - 0*d, 3*d - 327 = -5*n. List the prime factors of n.
3, 7
Let u(a) = 18*a - 63. Let y(l) = 8*l - 32. Let s(q) = 3*u(q) - 5*y(q). What are the prime factors of s(10)?
3, 37
Let n = 34 + -34. List the prime factors of (n - (-101)/2)*(2 + 0).
101
Let f be (1 - (-2)/(-3))/(6/(-1098)). Let x = -33 - f. What are the prime factors of x?
2, 7
Suppose -20*b + 15*b = -3360. List the prime factors of b.
2, 3, 7
List the prime factors of 84/(-15)*3515/(-74).
2, 7, 19
Let l(v) = 47*v**2 + 3*v - 8. List the prime factors of l(3).
2, 53
Let q = -165 + 855. What are the prime factors of q?
2, 3, 5, 23
Let l(b) = b**3 + 14*b**2 + 8*b + 11. Let x be l(-12). Let w = 378 - x. What are the prime factors of w?
5, 7
Suppose 12 + 16 = -7*n. Let s be (-63)/28*n/3. Suppose g = s*w - 0*g - 165, 3*w - 165 = -3*g. List the prime factors of w.
5, 11
Let s = -560 + 1244. Suppose 0 = 4*u - s - 480. List the prime factors of u.
3, 97
Let l(r) = r**2 - 5*r. Let a be l(5). Suppose -3*o = c - 132, a = c - 0*o + 4*o - 134. What are the prime factors of -3 - 11/((-33)/c)?
3, 13
Let o(l) = 29*l + 3 + 3 - 3 + 0. What are the prime factors of o(1)?
2
Let w(d) = -2*d - 20. Let g be w(-13). Suppose 15*n = g*n + 2853. What are the prime factors of n?
317
Let b(a) = a**2 + 8*a - 1. Let y be b(-9). Suppose 3*o - y = -2. Suppose 0 = o*h - 3*h + 12. List the prime factors of h.
2, 3
Let a be 4/(-8)*(-90)/3. Suppose a*m - 13*m = 76. Suppose 5*p - 47 = m. What are the prime factors of p?
17
Suppose 0 = 4*d - 2*d + 322. Let x = -96 - d. What are the prime factors of x?
5, 13
Let f(b) = -b**3 + 6*b**2 - 4*b + 2. Let x = -20 - -20. Suppose -2*u + n + 7 = x, -3*n = -3*u + 2*n + 7. What are the prime factors of f(u)?
2, 3
Let k be (-1)/((-2)/(-4 - -8)). Suppose 0*l + d + 3 = 2*l, -5*l = k*d - 12. What are the prime factors of l?
2
Suppose -9*m + 1 = -17. Suppose -352 = -2*l + m*d, -2*l - 2*d = -393 + 57. What are the prime factors of l?
2, 43
List the prime factors of 2/14 - (61050/(-77) + -13).
2, 13, 31
Let w(f) = f**3 - 16*f**2 + 44*f + 34. What are the prime factors of w(15)?
7, 67
Suppose 2*k = 4*r + 488, 3*k - 740 = -4*r + 6*r. Suppose -4*l + 156 = -k. What are the prime factors of l?
101
Let t(j) = -2*j**3 + 13*j**2 - j + 9. Let v be t(6). Let k = -28 + v. Let g = k - -51. List the prime factors of g.
2, 31
Suppose -14*o + 9*o = -25. Suppose 249 + 26 = o*a. List the prime factors of a.
5, 11
What are the prime factors of 14/(-1 + -1) - -266?
7, 37
Let o be 144/14 - (-4)/(-14). Let r(k) = 5*k**2 + 39*k - 45. Let f(t) = t**2 + 10*t - 11. Let n(m) = 9*f(m) - 2*r(m). List the prime factors of n(o).
11
Suppose 0 = -2*i + 4*s + 11434, 4*i - 7*i + 2*s = -17139. What are the prime factors of i?
5711
Suppose -9 = 3*f - 6*f. Let o(h) = 2*h - 18. Let r be o(24). Suppose -f*d + r - 3 = 0. What are the prime factors of d?
3
Suppose -3*n - 2